{"id":4425,"date":"2023-01-10T09:17:01","date_gmt":"2023-01-10T08:17:01","guid":{"rendered":"http:\/\/dziedzictwopolonii.pl\/portal\/?page_id=4425"},"modified":"2024-01-29T18:39:15","modified_gmt":"2024-01-29T17:39:15","slug":"dofinansowanie","status":"publish","type":"page","link":"https:\/\/dziedzictwopolonii.pl\/portal\/dofinansowanie\/","title":{"rendered":"DOFINANSOWANIE"},"content":{"rendered":"<div class=\"pdfprnt-buttons pdfprnt-buttons-page pdfprnt-top-right\"><a href=\"https:\/\/dziedzictwopolonii.pl\/portal\/wp-json\/wp\/v2\/pages\/4425?print=pdf\" class=\"pdfprnt-button pdfprnt-button-pdf\" target=\"_blank\"><img decoding=\"async\" src=\"http:\/\/dziedzictwopolonii.pl\/portal\/wp-content\/plugins\/pdf-print\/images\/pdf.png\" alt=\"image_pdf\" title=\"Download PDF\" \/><span class=\"pdfprnt-button-title pdfprnt-button-pdf-title\">POBIERZ PDF<\/span><\/a><a href=\"https:\/\/dziedzictwopolonii.pl\/portal\/wp-json\/wp\/v2\/pages\/4425?print=print\" class=\"pdfprnt-button pdfprnt-button-print\" target=\"_blank\"><img decoding=\"async\" src=\"http:\/\/dziedzictwopolonii.pl\/portal\/wp-content\/plugins\/pdf-print\/images\/print.png\" alt=\"image_print\" title=\"Print Content\" \/><\/a><\/div><p style=\"text-align: center;\"><img loading=\"lazy\" decoding=\"async\" class=\"alignnone wp-image-4426 size-full\" src=\"http:\/\/dziedzictwopolonii.pl\/portal\/wp-content\/uploads\/2023\/01\/logo-podstawowe-NEW_colored_on_transparent-360x120-1.png\" alt=\"\" width=\"360\" height=\"120\" srcset=\"https:\/\/dziedzictwopolonii.pl\/portal\/wp-content\/uploads\/2023\/01\/logo-podstawowe-NEW_colored_on_transparent-360x120-1.png 360w, https:\/\/dziedzictwopolonii.pl\/portal\/wp-content\/uploads\/2023\/01\/logo-podstawowe-NEW_colored_on_transparent-360x120-1-300x100.png 300w\" sizes=\"auto, (max-width: 360px) 100vw, 360px\" \/><\/p>\n<p class=\"has-text-align-center\" style=\"text-align: center;\">Projekt dofinansowany ze \u015brodk\u00f3w Kancelarii Prezesa Rady Ministr\u00f3w w ramach konkursu<\/p>\n<h3 class=\"has-text-align-center\" style=\"text-align: center;\">Polonia i Polacy za Granic\u0105 2022 &#8211; 2023<\/h3>\n<p class=\"has-text-align-center\" style=\"text-align: center;\">Publikacja wyra\u017ca jedynie pogl\u0105dy autora\/\u00f3w i nie mo\u017ce by\u0107 uto\u017csamiana z oficjalnym stanowiskiem Kancelarii Prezesa Rady Ministr\u00f3w.<\/p>\n<p>&nbsp;<\/p>\n<p style=\"text-align: center;\"><img loading=\"lazy\" decoding=\"async\" class=\"alignnone wp-image-4427 size-full\" src=\"http:\/\/dziedzictwopolonii.pl\/portal\/wp-content\/uploads\/2023\/01\/znaki_strona_www-696x232-1.png\" alt=\"\" width=\"696\" height=\"232\" srcset=\"https:\/\/dziedzictwopolonii.pl\/portal\/wp-content\/uploads\/2023\/01\/znaki_strona_www-696x232-1.png 696w, https:\/\/dziedzictwopolonii.pl\/portal\/wp-content\/uploads\/2023\/01\/znaki_strona_www-696x232-1-300x100.png 300w\" sizes=\"auto, (max-width: 696px) 100vw, 696px\" \/><\/p>\n","protected":false},"excerpt":{"rendered":"<p> Projekt dofinansowany ze \u015brodk\u00f3w Kancelarii Prezesa Rady Ministr\u00f3w w ramach konkursu Polonia i Polacy za Granic\u0105 2022 &#8211; 2023 Publikacja wyra\u017ca jedynie pogl\u0105dy autora\/\u00f3w i nie mo\u017ce by\u0107 uto\u017csamiana z oficjalnym stanowiskiem Kancelarii Prezesa Rady Ministr\u00f3w. &nbsp;<\/p>\n","protected":false},"author":1,"featured_media":0,"parent":0,"menu_order":0,"comment_status":"closed","ping_status":"closed","template":"","meta":{"_mi_skip_tracking":false,"footnotes":""},"class_list":["post-4425","page","type-page","status-publish","hentry"],"_links":{"self":[{"href":"https:\/\/dziedzictwopolonii.pl\/portal\/wp-json\/wp\/v2\/pages\/4425","targetHints":{"allow":["GET"]}}],"collection":[{"href":"https:\/\/dziedzictwopolonii.pl\/portal\/wp-json\/wp\/v2\/pages"}],"about":[{"href":"https:\/\/dziedzictwopolonii.pl\/portal\/wp-json\/wp\/v2\/types\/page"}],"author":[{"embeddable":true,"href":"https:\/\/dziedzictwopolonii.pl\/portal\/wp-json\/wp\/v2\/users\/1"}],"replies":[{"embeddable":true,"href":"https:\/\/dziedzictwopolonii.pl\/portal\/wp-json\/wp\/v2\/comments?post=4425"}],"version-history":[{"count":3,"href":"https:\/\/dziedzictwopolonii.pl\/portal\/wp-json\/wp\/v2\/pages\/4425\/revisions"}],"predecessor-version":[{"id":4828,"href":"https:\/\/dziedzictwopolonii.pl\/portal\/wp-json\/wp\/v2\/pages\/4425\/revisions\/4828"}],"wp:attachment":[{"href":"https:\/\/dziedzictwopolonii.pl\/portal\/wp-json\/wp\/v2\/media?parent=4425"}],"curies":[{"name":"wp","href":"https:\/\/api.w.org\/{rel}","templated":true}]}}

<div class="pdfprnt-buttons pdfprnt-buttons-page pdfprnt-top-right"><a href="https://dziedzictwopolonii.pl/portal/wp-json/wp/v2/pages/4425?print=pdf" class="pdfprnt-button pdfprnt-button-pdf" target="_blank"><img decoding="async" src="http://dziedzictwopolonii.pl/portal/wp-content/plugins/pdf-print/images/pdf.png" alt="image_pdf" title="Download PDF" /><span class="pdfprnt-button-title pdfprnt-button-pdf-title">POBIERZ PDF</span></a><a href="https://dziedzictwopolonii.pl/portal/wp-json/wp/v2/pages/4425?print=print" class="pdfprnt-button pdfprnt-button-print" target="_blank"><img decoding="async" src="http://dziedzictwopolonii.pl/portal/wp-content/plugins/pdf-print/images/print.png" alt="image_print" title="Print Content" /></a></div><p style="text-align: center;"><img loading="lazy" decoding="async" class="alignnone wp-image-4426 size-full" src="http://dziedzictwopolonii.pl/portal/wp-content/uploads/2023/01/logo-podstawowe-NEW_colored_on_transparent-360x120-1.png" alt="" width="360" height="120" srcset="https://dziedzictwopolonii.pl/portal/wp-content/uploads/2023/01/logo-podstawowe-NEW_colored_on_transparent-360x120-1.png 360w, https://dziedzictwopolonii.pl/portal/wp-content/uploads/2023/01/logo-podstawowe-NEW_colored_on_transparent-360x120-1-300x100.png 300w" sizes="auto, (max-width: 360px) 100vw, 360px" /></p>
<p class="has-text-align-center" style="text-align: center;">Projekt dofinansowany ze środków Kancelarii Prezesa Rady Ministrów w ramach konkursu</p>
<h3 class="has-text-align-center" style="text-align: center;">Polonia i Polacy za Granicą 2022 &#8211; 2023</h3>
<p class="has-text-align-center" style="text-align: center;">Publikacja wyraża jedynie poglądy autora/ów i nie może być utożsamiana z oficjalnym stanowiskiem Kancelarii Prezesa Rady Ministrów.</p>
<p>&nbsp;</p>
<p style="text-align: center;"><img loading="lazy" decoding="async" class="alignnone wp-image-4427 size-full" src="http://dziedzictwopolonii.pl/portal/wp-content/uploads/2023/01/znaki_strona_www-696x232-1.png" alt="" width="696" height="232" srcset="https://dziedzictwopolonii.pl/portal/wp-content/uploads/2023/01/znaki_strona_www-696x232-1.png 696w, https://dziedzictwopolonii.pl/portal/wp-content/uploads/2023/01/znaki_strona_www-696x232-1-300x100.png 300w" sizes="auto, (max-width: 696px) 100vw, 696px" /></p>

<p> Projekt dofinansowany ze środków Kancelarii Prezesa Rady Ministrów w ramach konkursu Polonia i Polacy za Granicą 2022 &#8211; 2023 Publikacja wyraża jedynie poglądy autora/ów i nie może być utożsamiana z oficjalnym stanowiskiem Kancelarii Prezesa Rady Ministrów. &nbsp;</p>
